{"id":401,"date":"2021-01-10T13:54:55","date_gmt":"2021-01-10T12:54:55","guid":{"rendered":"http:\/\/dutemps-psychologue.fr\/?page_id=401"},"modified":"2024-07-29T20:57:31","modified_gmt":"2024-07-29T18:57:31","slug":"mon-parcours","status":"publish","type":"page","link":"https:\/\/dutemps-psychologue.fr\/?page_id=401","title":{"rendered":"Mon parcours"},"content":{"rendered":"\n<p class=\"has-text-align-left\">Psychologue depuis 25 ans, mon parcours professionnel s&#8217;est fait au gr\u00e9 de ma curiosit\u00e9 intellectuelle et de mes rencontres. <\/p>\n\n\n\n<p class=\"has-text-align-left\">Apr\u00e8s mes \u00e9tudes de psychologie, j&#8217;ai tout d&#8217;abord travaill\u00e9 dans le domaine du sport et du social.<\/p>\n\n\n\n<p class=\"has-text-align-left\">Ensuite, ma carri\u00e8re s&#8217;est orient\u00e9e dans le domaine de la psychologie du travail (bilans de comp\u00e9tences, accompagnement de salari\u00e9s en burn out, analyse de pratique, RPS). Durant cette p\u00e9riode, j&#8217;ai \u00e9galement enseign\u00e9 la psychologie \u00e0 l&#8217;universit\u00e9 et travaill\u00e9 en cabinet lib\u00e9ral en tant que psychologue.<\/p>\n\n\n\n<p class=\"has-text-align-left\">Puis, il y a eu ces quelques ann\u00e9es o\u00f9 je me suis essay\u00e9e au management, puis \u00e0 l&#8217;ing\u00e9nierie de formation.<\/p>\n\n\n\n<p class=\"has-text-align-left\">Je partage actuellement mon temps entre ma pratique de th\u00e9rapeute en lib\u00e9ral  et l&#8217;h\u00f4pital Saint Joseph \u00e0 Paris, en consultation douleur chronique.<\/p>\n","protected":false},"excerpt":{"rendered":"<p>Psychologue depuis 25 ans, mon parcours professionnel s&#8217;est fait au gr\u00e9 de ma curiosit\u00e9 intellectuelle et de mes rencontres. Apr\u00e8s mes \u00e9tudes de psychologie, j&#8217;ai tout d&#8217;abord travaill\u00e9 dans le domaine du sport et du social. Ensuite, ma carri\u00e8re s&#8217;est orient\u00e9e dans le domaine de la psychologie du travail (bilans de comp\u00e9tences, accompagnement de salari\u00e9s &hellip; <a href=\"https:\/\/dutemps-psychologue.fr\/?page_id=401\" class=\"more-link\">Continuer la lecture de <span class=\"screen-reader-text\">Mon parcours<\/span><\/a><\/p>\n","protected":false},"author":1,"featured_media":0,"parent":0,"menu_order":0,"comment_status":"closed","ping_status":"closed","template":"","meta":{"footnotes":""},"class_list":["post-401","page","type-page","status-publish","hentry"],"_links":{"self":[{"href":"https:\/\/dutemps-psychologue.fr\/index.php?rest_route=\/wp\/v2\/pages\/401","targetHints":{"allow":["GET"]}}],"collection":[{"href":"https:\/\/dutemps-psychologue.fr\/index.php?rest_route=\/wp\/v2\/pages"}],"about":[{"href":"https:\/\/dutemps-psychologue.fr\/index.php?rest_route=\/wp\/v2\/types\/page"}],"author":[{"embeddable":true,"href":"https:\/\/dutemps-psychologue.fr\/index.php?rest_route=\/wp\/v2\/users\/1"}],"replies":[{"embeddable":true,"href":"https:\/\/dutemps-psychologue.fr\/index.php?rest_route=%2Fwp%2Fv2%2Fcomments&post=401"}],"version-history":[{"count":8,"href":"https:\/\/dutemps-psychologue.fr\/index.php?rest_route=\/wp\/v2\/pages\/401\/revisions"}],"predecessor-version":[{"id":455,"href":"https:\/\/dutemps-psychologue.fr\/index.php?rest_route=\/wp\/v2\/pages\/401\/revisions\/455"}],"wp:attachment":[{"href":"https:\/\/dutemps-psychologue.fr\/index.php?rest_route=%2Fwp%2Fv2%2Fmedia&parent=401"}],"curies":[{"name":"wp","href":"https:\/\/api.w.org\/{rel}","templated":true}]}}

<p class="has-text-align-left">Psychologue depuis 25 ans, mon parcours professionnel s&#8217;est fait au gré de ma curiosité intellectuelle et de mes rencontres. </p>



<p class="has-text-align-left">Après mes études de psychologie, j&#8217;ai tout d&#8217;abord travaillé dans le domaine du sport et du social.</p>



<p class="has-text-align-left">Ensuite, ma carrière s&#8217;est orientée dans le domaine de la psychologie du travail (bilans de compétences, accompagnement de salariés en burn out, analyse de pratique, RPS). Durant cette période, j&#8217;ai également enseigné la psychologie à l&#8217;université et travaillé en cabinet libéral en tant que psychologue.</p>



<p class="has-text-align-left">Puis, il y a eu ces quelques années où je me suis essayée au management, puis à l&#8217;ingénierie de formation.</p>



<p class="has-text-align-left">Je partage actuellement mon temps entre ma pratique de thérapeute en libéral  et l&#8217;hôpital Saint Joseph à Paris, en consultation douleur chronique.</p>

<p>Psychologue depuis 25 ans, mon parcours professionnel s&#8217;est fait au gré de ma curiosité intellectuelle et de mes rencontres. Après mes études de psychologie, j&#8217;ai tout d&#8217;abord travaillé dans le domaine du sport et du social. Ensuite, ma carrière s&#8217;est orientée dans le domaine de la psychologie du travail (bilans de compétences, accompagnement de salariés &hellip; <a href="https://dutemps-psychologue.fr/?page_id=401" class="more-link">Continuer la lecture de <span class="screen-reader-text">Mon parcours</span></a></p>
